est common divisor of 6 and s.
6
Let a be 6/(-4) - (0 - 52/8). Suppose a*f + 50 = -2*q + 4*q, -2*q - 3*f = -50. Calculate the highest common factor of 10 and q.
5
Suppose 2*n + 4*p - 2769 = -3*n, 2*n - 1109 = -3*p. Let z = -238 + n. What is the highest common divisor of 35 and z?
35
Suppose 289 = 4*z - 287. Suppose 2*x - 18 = z. What is the highest common divisor of 54 and x?
27
Let y be (-10)/(40/(-658)) + 1/2. What is the greatest common divisor of y and 60?
15
Let h = 21790 + -21510. Let b = 9 + 31. Calculate the greatest common divisor of h and b.
40
Let p be 27 + (-2)/3*3. Suppose -5*z + 137 + 1154 = 4*g, -4*g - 1004 = -4*z. Let m = z + -55. What is the greatest common factor of p and m?
25
Let b be (-2 - (-1364)/22) + -13. Let y be -2*(-518)/2 + -1. Calculate the highest common divisor of b and y.
47
Suppose 0*k = 3*k + 15, 3*m + 4*k - 97 = 0. Let w = -2963 + 3041. What is the greatest common factor of m and w?
39
Let u be (2 - (-1)/3)/((-20)/(-660)). Calculate the greatest common factor of u and 168.
7
Let k(i) = -i**3 + 11*i**2 + 80*i + 5. Let q be k(-5). Let m(x) = 64*x - 230. Let o be m(q). Calculate the highest common factor of 450 and o.
90
Suppose -6*s + s + 163 = -2*i, -i + 67 = 2*s. Calculate the greatest common divisor of 393 and s.
3
Let y be 154/33*(-465)/(-35). Calculate the greatest common factor of 682 and y.
62
Let c be ((-238)/153)/((-2)/18). Let k be ((-14)/6)/((-2058)/684 - -3). What is the greatest common factor of k and c?
14
Let a be 5/(-35) - (26990/(-35))/1. What is the greatest common factor of 3 and a?
3
Let a = -135003 - -135010. Suppose -2 = -3*n + 1. Calculate the greatest common divisor of a and n.
1
Let g = 20 + 30. Let h be 74*(-5)/30*-3 + -7. What is the highest common factor of h and g?
10
Let d(b) = 3*b**2 - 17*b + 37. Let t be d(2). Suppose 18 = u - 24. What is the greatest common divisor of u and t?
3
Suppose n - 26 = -5*v, 0*v = -4*v + 20. Let g be 6/2*1/n. Suppose 3*f - 140 = -d - 3*d, -g*d = 5*f - 226. Calculate the greatest common divisor of 396 and f.
44
Let d = -5762 - -6119. Calculate the greatest common divisor of d and 84.
21
Let i be 232*(0 - (3 + -6)). Suppose 36*y - 122*y + 2064 = 0. Calculate the greatest common factor of y and i.
24
Let c be (-13375)/(-250) + (-5)/2. What is the highest common divisor of c and 5797?
17
Let r = -462 + 368. Let l = 712 - r. What is the greatest common factor of 62 and l?
62
Let a(d) = 3*d**2 + 81*d + 836. Let i be a(-11). What is the highest common factor of i and 10318?
154
Let s(v) = 6400*v**2 + 49*v + 49. Let p be s(-1). What is the greatest common factor of p and 25?
25
Suppose -25*i = -21*i - 332. Suppose i*y - 18 = 86*y. Let x(u) = u**2 - 11*u - 15. Let c be x(y). Calculate the greatest common factor of 58 and c.
29
Suppose 15 = -2*u - 5*g, 427*g - 40 = -5*u + 430*g. Calculate the highest common divisor of u and 15.
5
Suppose -3*c + 6*c = -4*g + 581, c - 167 = 4*g. Let r = c - 52. Calculate the greatest common factor of r and 90.
45
Let m(f) = f**3 - 3*f**2 - 8*f + 24. Let j(c) = 12*c + 172. Let l be j(-14). Let n be m(l). Calculate the greatest common factor of n and 2.
2
Let o be ((-41168)/32)/31*(-7)/((-28)/(-24)). What is the greatest common factor of o and 13529?
83
Suppose 16*u + 1364 = 92*u - 2360. What is the highest common divisor of 1323 and u?
49
Let u(y) = -y**2 - 25*y - 58. Let v be u(-4). Let p(f) = -2*f + 64. Let r be p(v). What is the highest common factor of 1236 and r?
12
Let g(c) = 16*c + 9. Suppose 3*f - 2*f = 9. Suppose 3*d - f = 9. Let h be g(d). Calculate the highest common divisor of 21 and h.
21
Let w(m) = -4*m**2 + 32*m - 7. Let z be w(7). Suppose x - 4*a = 185, 0*x + a - 757 = -4*x. Calculate the highest common factor of x and z.
21
Let s(g) = -6*g**3 - 4*g**3 + 1 + g**2 + 9*g**3 - 2*g**2 + 6*g. Let j be s(4). Let a = -36 - j. Calculate the highest common divisor of a and 133.
19
Suppose 155*d - 2106 = 146*d. What is the greatest common divisor of 1998 and d?
18
Suppose 0 = 202*b + 4415 - 41381. What is the greatest common factor of 5673 and b?
183
Let t(r) = 5*r - 35. Let p be t(10). Suppose 0 = -36*b + p*b + 777. Calculate the highest common factor of 333 and b.
37
Suppose 3*z - 125*u = -123*u + 5906, -3*z + 5914 = 2*u. Calculate the highest common factor of 10 and z.
10
Let f = 3567 + -3431. Calculate the highest common divisor of f and 697.
17
Suppose 57*q - 128*q = 399*q - 2820. Calculate the greatest common divisor of 777 and q.
3
Let l(w) = -5*w**2 - w. Let k be l(-1). Let y be (52*-40)/k + -1. Suppose -8*u + y - 135 = 0. Calculate the greatest common divisor of 6 and u.
6
Suppose -880 = 189*m - 101*m - 98*m. What is the greatest common factor of 3487 and m?
11
Let n(h) = -37*h - 14. Let x be n(-3). Suppose -95*y - 12 = -x*y. Suppose -9*d = -y*d - 180. Calculate the greatest common factor of d and 15.
15
Suppose -244*r - 7326742 = -409*r - 272*r. Calculate the highest common factor of r and 332.
166
Suppose 2*q = 1065 + 15. Suppose -249*o + 862 = -250*o. Let f = o - -922. What is the greatest common factor of q and f?
60
Let o = -51 + 59. Suppose o*n + 82 = 538. Calculate the greatest common divisor of n and 38.
19
Let v = 93 - 51. Suppose 0 = -10*z - 60 + 420. Suppose -z - 48 = -6*t. Calculate the highest common divisor of v and t.
14
Suppose -2*c + 48 = 2*w - 6*w, 3*c - 67 = w. Suppose c = 2*h - 2*z, -7*z + 17 = 4*h - 2*z. What is the highest common divisor of 72 and h?
8
Suppose 16 + 0 = g. Suppose 9*k - 4*k - 4*t - 480 = 0, 2*k - 3*t - 199 = 0. Suppose 3*c - 26*c = -k. Calculate the greatest common divisor of g and c.
4
Suppose 60*z - 58*z + 5*a - 1075 = 0, 4*a + 2164 = 4*z. Calculate the highest common divisor of z and 660.
60
Suppose 0 = -h - 48 + 50. Suppose -5*x = -h*x - 60. What is the greatest common factor of 5 and x?
5
Suppose 4*o + 5 = 21. Suppose 0 = 5*w - j - 183, 111 = o*w - j - 35. What is the greatest common factor of w and 222?
37
Let d(q) be the first derivative of 7*q**3/3 - 5*q**2/2 - 7*q + 32. Let j be d(-2). What is the highest common divisor of j and 155?
31
Suppose 49 - 33 = 2*q. Let y = -29 + q. Let i(z) = z + 38. Let l be i(y). Calculate the highest common divisor of l and 85.
17
Suppose 4*v + 5*u = 1164, 0 = 4*v + 2*u + u - 1156. Suppose 7*m = 50*m - 1892. What is the greatest common divisor of m and v?
22
Suppose -485164 + 145132 = -224*g. Calculate the greatest common factor of g and 176.
22
Suppose 5*p = -0*p - 300. Let s = 431 + p. Let n be s/21 + 1/3. Calculate the greatest common factor of 9 and n.
9
Suppose 10*n = 13*n - 48. Let a = 3018 + -3015. What is the greatest common divisor of a and n?
1
Let t(z) = z**3 - z**2 - 3*z - 3. Let i be t(0). Let p be (19/(-2))/((i/2)/3). Let n = p - 3. What is the highest common divisor of 16 and n?
16
Suppose -15638*s = -15618*s - 112600. Calculate the highest common divisor of 10 and s.
10
Let f be (-19929)/(15/(-6)*13/65*2). Calculate the highest common divisor of 182 and f.
91
Let l(p) = -2*p - 27. Let j be l(-6). Let g(b) = -b**2 - 25*b - 134. Let f be g(j). What is the greatest common divisor of 80 and f?
16
Let n be (22 - 1)*858/1001. Let l(u) = u + 8. Let q be l(-6). Calculate the greatest common factor of q and n.
2
Let u be -5*(-24)/(-40)*15. Let q(w) = w**3 + 46*w**2 + 45*w + 11. Let g be q(u). Calculate the greatest common divisor of 11 and g.
11
Let u be -2*1 + 41 + -2. Let r = 61 - u. Suppose 18*z - 896 = -464. What is the greatest common divisor of r and z?
24
Let r be ((-290)/(-30) - 10)/(5/(-720)). Suppose -4*q + 2*m = -434, 2*m = 5*q - 0*m - 542. What is the highest common factor of q and r?
12
Let x = 2312 + -2310. Let m = -1 + 5. Calculate the highest common factor of x and m.
2
Suppose -4*v = 2*m - 196, -3*v - m = -4*m - 156. Suppose -4*z = -4*i - 216, z - 4*i = -5*i + v. Calculate the greatest common divisor of 16 and z.
4
Let j = -1961 - -1992. Suppose 0 - 31 = -w. Calculate the greatest common factor of w and j.
31
Let p = 1653 + -1112. Let j = p + -522. Calculate the greatest common divisor of j and 893.
19
Let c be (-34)/(-85) - (-2)/(-5). Suppose 11*o = -c*o + 1089. What is the highest common divisor of 27 and o?
9
Let b = -33564 - -33684. What is the greatest common divisor of 654 and b?
6
Suppose 197 = -3*p + r, 